et u(l) be the second derivative of 17*l - 1/3*l**3 + 0 + l**2. What is u(3)?
-4
Let w(z) = -z**3 + 68*z**2 + 207*z + 429. Let m be w(71). Let c(i) be the first derivative of 1 - 1/2*i**2 + 0*i. Determine c(m).
-3
Let q = -34019/60 + 567. Let c(b) be the third derivative of 0 + 7*b**2 + 7/24*b**4 - 1/3*b**3 - q*b**5 + 0*b. What is c(7)?
-2
Let h(p) be the second derivative of -p**5/20 - p**4/2 + 4*p**3/3 + 5*p**2/2 - 65*p. Let a = -2 - -6. Suppose -q + 1 = -3, -q + 32 = -a*j. Give h(j).
-2
Let j(t) = 2*t**2 + 2*t + 2. Let k(o) = -o**3 - 4*o**2 - 4*o - 7. Let g be k(-3). Determine j(g).
26
Let f(q) be the first derivative of q**4 - q**3/3 + 5*q + 1. Let r(w) = -7*w**3 + 3*w**2 - 9. Let u(h) = 5*f(h) + 3*r(h). Calculate u(3).
7
Suppose 8 = -4*u - 3*o - 0*o, -2*u - 4*o - 14 = 0. Let h(v) = v - 1. Let b be h(u). Let s(a) = a**2 + 4 - 5*a + a + b*a. Give s(4).
4
Suppose -3*a - 513 = -519. Let x(r) be the second derivative of 0 + 5/2*r**a - 5*r + 1/6*r**3. Calculate x(-5).
0
Let r(s) = -s**3 + 4*s**2 - 2*s + 2. Let m(v) = 4*v**3 - 3*v**2 + 2*v - 1. Let x be m(1). Give r(x).
6
Let y(q) = -q**3 - 2*q**2 + 4*q - 5. Suppose 0 = 2*t + 8, -3*r + 5*t + 3 = -5. Determine y(r).
11
Let b(s) = s**3 - s**2. Let w be 3 + 0 - (-24 + 25). What is b(w)?
4
Suppose 0 = -3*f + 4 + 8. Let o(s) = 10*s + s**2 - f - 19*s + 8. Let p be o(9). Let j(w) = -w + 7. Determine j(p).
3
Let p(c) = -7*c - 4 + 0 + 742*c**2 - 743*c**2. Suppose 4*b - 4*z + 12 = 0, 0 = -z - 4. Calculate p(b).
-4
Let c(a) be the first derivative of -a**4/12 + 7*a**3/6 - 5*a**2/2 - 22*a - 1. Let t(l) be the first derivative of c(l). Give t(4).
7
Let k(v) be the third derivative of v**5/60 - 7*v**3/3 + 908*v**2 + 2. Suppose -2 = a + 2*y, 1 = 4*a - y - 0. Calculate k(a).
-14
Let a(w) = -w + 4. Let b be a(6). Let j(i) be the third derivative of -i**4/8 - i**3/6 + 340*i**2. Give j(b).
5
Let x = 16 - 11. Suppose 2*f = x*f - 9. Let q(o) be the second derivative of -o**5/20 + o**4/3 - 2*o**2 - 17*o. Calculate q(f).
5
Let p(c) = -2*c + c**3 + 0*c + 0*c**3 - 2*c**2. Suppose -24*j = -18*j - 120. Suppose -h - j*g = -17*g + 7, -4*h + 20 = -4*g. Determine p(h).
-4
Suppose s + 2*s + 9 = 0. Let o(x) = 150*x - 308*x - 1 - x**2 + 154*x. Determine o(s).
2
Let g(a) = -a + 2. Let d = 6 + -3. Suppose -6 + d = -w. Suppose 22 = 3*h - n + 8, -2*h + w*n = -7. Calculate g(h).
-3
Suppose 3*p + 9 - 3 = 0, -2*l + 3*p + 8 = 0. Let n(s) = -21*s. Give n(l).
-21
Let v be (-2)/8 + (-2 - 17/(-4)). Let q(z) = -45 + z**3 + 23 + 19 - 2*z + 4*z**v. Calculate q(-4).
5
Let k(a) be the third derivative of a**5/12 + a**4/12 - a**3/6 - 2*a**2. Suppose 2*l = -c - 0*l - 4, -4*l = 16. Suppose 0 + 4 = c*u. Calculate k(u).
6
Let r(u) = 5*u**2 - u + 6. Let d(h) = h**2 - 10*h - 43. Let m be d(13). Let x(g) = 6*g**2 - 2*g + 6. Let l(i) = m*x(i) + 5*r(i). Calculate l(-4).
10
Let z(o) = -6*o**2 + o - 1. Let c(j) = 30*j**2 - 5*j + 8. Let d(b) = -c(b) - 6*z(b). What is d(-1)?
5
Let r(b) = b**2 + 2*b. Let x(o) = 3*o**2 + 7*o - 6. Let d(m) = -2*r(m) + x(m). Determine d(-3).
-6
Suppose 3*l - 28 - 8 = 0. Suppose x + l = -3*x. Let a(d) = 2*d**2 + 6*d + 6. Let t be a(x). Let f(v) = -v**2 + 8*v - 6. What is f(t)?
6
Let q(m) be the third derivative of -m**6/120 + m**4/6 - m**3/2 + 17*m**2 + 2. Give q(2).
-3
Suppose -12 = 5*d - 4*v + 19, -3*v + 11 = -2*d. Let z(a) = 77*a + 6. Let t(l) = 13*l. Let j(y) = -6*t(y) + z(y). Calculate j(d).
13
Let u(m) be the third derivative of 7*m**6/120 + m**3/6 - 6*m**2. Let y be u(1). Let p(f) = f + f + y*f - 9*f - 2. Give p(0).
-2
Let k(p) = 11*p + 7. Let w(c) = -1. Let o(z) = -k(z) - 5*w(z). Give o(1).
-13
Let p(l) = 9*l + 1. Suppose -2*o + 4 + 4 = 0. Suppose -2*t - o*a = -9*a - 16, t - 4*a = 8. Suppose -7*w - w + t = 0. What is p(w)?
10
Let k(w) = -w**2 + w. Let z be (12/(-3) - 4)*12/(-16). Determine k(z).
-30
Let x(f) = -f**2 + 2*f - 1. Suppose 9*m - 1 = -19. What is x(m)?
-9
Suppose -19*n = -18*n - 2. Let j(x) be the first derivative of -3/2*x**n - 5 + 4*x. What is j(-3)?
13
Let i(m) = 0*m**2 + 5*m**2 - m**3 + 4*m + 6*m**2 - 9*m**2 - 4. Give i(3).
-1
Suppose -f = 2*f. Suppose 3*x = -5*l + 21, 0 = -f*l - 2*l + 3*x. Let n(s) = -3*s**3 + 2*s + 2*s**3 + s**3 + l*s**2 - s**3. Determine n(3).
6
Let i(q) be the third derivative of q**4/6 + 5*q**3/3 + 119*q**2. Give i(-8).
-22
Suppose -3*l + 5*g = -2 + 6, -2*l + 4*g = 4. Let k(p) be the third derivative of 1/120*p**6 + 0 - p**3 - 1/15*p**5 + 0*p + 1/12*p**4 - l*p**2. Give k(4).
2
Let c(p) = -p**2 + 5*p + 1. Let n(l) = l**3 + l**2 + 7. Let i be n(0). Let w = 144 + -143. Let o = i - w. Give c(o).
-5
Let n(w) be the first derivative of -w**2/2 + 11*w + 1. Let d be 2/2*-5*-1. Calculate n(d).
6
Let q(t) be the second derivative of 4*t - 1/3*t**4 + 0*t**2 + 1/720*t**6 + 0 + 0*t**3 + 1/120*t**5. Let f(s) be the third derivative of q(s). Calculate f(-5).
-4
Let m(h) = -h**2 + 1 - 35*h + 11*h + 8 + 0*h**2 + 21*h. What is m(-5)?
-1
Let n(x) = x**3 + 11*x**2 + 20*x + 5. Let q(s) = -156*s - 9. Let b be q(0). Give n(b).
-13
Let r(d) = -d**3 + d - 2. Let c be (3/3 - 0)*-1. Let p be 28/14 - (c - -5). Give r(p).
4
Let c(a) = a**2 - 7*a + 7. Suppose 4*w + 36 = -2*x, -2*w + x - 24 = -x. Let n(b) = b**2 - 6*b - 10. Let k be n(9). Let j = k + w. Give c(j).
7
Let l = 239 - 153. Let k(z) = -84*z - l*z - 9 + 173*z. What is k(7)?
12
Let u(g) = g**3 - g**3 + 6 + g**3 + 6*g**2. Let m = -1446 + 1440. Determine u(m).
6
Let j(p) = p**3 - p**2 + p - 1. Let g(w) = -w**3 + 2*w**2 - 2*w - 5. Let t(u) = g(u) + 2*j(u). Let f be (-3)/(-2) - 12/8. Give t(f).
-7
Let o(d) = 4*d**2 - 7*d + 1. Let x be o(3). Let u = x + -14. Suppose -u*k + 4 = -3*k. Let n(m) = m + 4. Determine n(k).
0
Let j(u) = -2*u + 1 + 947*u**3 - 1890*u**3 + 944*u**3. Determine j(2).
5
Let k(z) = 4*z - 1. Let f be k(1). Suppose f*g = 5*g. Suppose -3*r = -g*r + 15. Let m(o) = -o**3 - 5*o**2 - 3. Determine m(r).
-3
Let d(s) = -4*s**2 - 3. Let g(j) = 7*j**2 + 5. Let c(k) = 5*d(k) + 3*g(k). Let o = 115 + -67. Let n = o - 50. Determine c(n).
4
Let f(o) be the first derivative of 2*o**2 + 80*o + 139. What is f(-20)?
0
Suppose 0 = -3*x + 9, -4*t + 5*x = 12 + 7. Suppose 25 - 57 = -4*p. Let g be (-9)/t*p/(-12). Let l(s) = -s**2 - 7*s + 4. Give l(g).
10
Let y(m) = -m - 565 - m**2 + 4*m + 566. Suppose 0 = 3*z - 1 - 5. Give y(z).
3
Suppose 3*v = 4*z + 8, -4*v + 3*v + 3*z = -1. Suppose 4*s - 21 = -c, v*c + 2*s + 3*s - 29 = 0. Let t(u) = 3*u - 1. Determine t(c).
2
Let o(t) = t. Suppose 8*w - 6*w = 0. Suppose -15*h + w = -0. What is o(h)?
0
Suppose 0 = -5*m + 4*o - 27, -m - 2*o + 9 = 2*o. Let z(c) = -c**3 - c**2 + 5*c + 1. Let l be z(m). Let g(y) = y**3 - 4*y**2 - 3*y - 1. Give g(l).
-13
Let y(t) = 6*t**2 + 8. Let l(n) = -4*n**2 - n**2 - 2 - 5 + n. Let s = 1 + -6. Let i(g) = s*l(g) - 4*y(g). What is i(5)?
3
Let h(q) = q + 1. Let i = -7 - -20. Let y(z) = 2 - 3*z + 2*z + 2*z + 2*z. Let g(n) = i*h(n) - 6*y(n). What is g(-1)?
6
Suppose -2*i + g + 16 = -7*i, 0 = i + 4*g + 7. Let k = -7 + 9. Let s(y) = -3 - 4*y**2 - 4*y + 11*y**2 - 9*y**k. What is s(i)?
-9
Let f(r) be the third derivative of r**7/2520 - r**6/360 - r**5/60 + 35*r**4/24 - 39*r**2. Let w(q) be the second derivative of f(q). Determine w(4).
6
Let w(a) be the second derivative of -a**4/12 - a**3/2 - 3*a**2/2 + 504*a - 1. Suppose -3*k + 15 = -6*k. What is w(k)?
-13
Suppose -26 = 6*y - 8*y. Let d = -16 + y. Let l(f) = 14*f**2 - 3 - 32*f**2 + 3*f + 9*f**2 + 11*f**2. Determine l(d).
6
Let q be (-8*2/48)/((-1)/18). Let z(v) = v. Give z(q).
6
Let j(n) = 2*n**2 - 1 - 6*n**2 + 16*n**2. What is j(-1)?
11
Let k(h) be the second derivative of -h**7/840 + h**6/180 + h**5/120 - h**4/6 + 17*h**3/6 - 19*h. Let r(j) be the second derivative of k(j). Give r(3).
-10
Let z(k) be the second derivative of -k**4/12 - 7*k**3/6 + 7*k**2 + 10*k - 10. Calculate z(-7).
14
Suppose 5*n - 82 = -3*i + 4*n, 3*i - 3*n - 90 = 0. Let a(y) = -i - 10*y**2 + 52 - 23. Let t(u) = u**3 - 3*u**2 + 2*u - 1. Let d be t(2). Determine a(d).
-9
Let y = 78 - 72. Let m(b) = -3*b + 4*b**3 - 3*b**3 - 4*b**2 + 6*b - y. Calculate m(4).
6
Let j(v) be the first derivative of -2*v**3/3 + 24*v**2 - 47*v + 166. What is j(23)?
-1
Suppose -44*r + 77*r = -124*r + 1413. Let y(d) = 1 - d**3 - 5*d**2 + 4*d**2 + 10*d**2. Calculate y(r).
1
Let s(x) = -x**3 - 4*x**2 + 5*x - 4. L